{"id":92,"date":"2023-10-30T13:56:30","date_gmt":"2023-10-30T16:56:30","guid":{"rendered":"https:\/\/apoioservicostecnicos.com.br\/?page_id=92"},"modified":"2023-12-12T03:29:11","modified_gmt":"2023-12-12T06:29:11","slug":"sobre-nos","status":"publish","type":"page","link":"https:\/\/apoioservicostecnicos.com.br\/index.php\/sobre-nos\/","title":{"rendered":"Sobre N\u00f3s"},"content":{"rendered":"\t\t<div data-elementor-type=\"wp-page\" data-elementor-id=\"92\" class=\"elementor elementor-92\">\n\t\t\t\t\t\t\t<div class=\"elementor-element elementor-element-069042a e-con-full e-flex e-con e-parent\" data-id=\"069042a\" data-element_type=\"container\" data-settings=\"{&quot;content_width&quot;:&quot;full&quot;,&quot;background_background&quot;:&quot;classic&quot;,&quot;_ha_eqh_enable&quot;:false}\" data-core-v316-plus=\"true\">\n\t\t\t\t<div class=\"elementor-element elementor-element-23b6522 elementor-widget elementor-widget-heading\" data-id=\"23b6522\" data-element_type=\"widget\" data-widget_type=\"heading.default\">\n\t\t\t\t<div class=\"elementor-widget-container\">\n\t\t\t<style>\/*! elementor - v3.17.0 - 25-10-2023 *\/\n.elementor-heading-title{padding:0;margin:0;line-height:1}.elementor-widget-heading .elementor-heading-title[class*=elementor-size-]>a{color:inherit;font-size:inherit;line-height:inherit}.elementor-widget-heading .elementor-heading-title.elementor-size-small{font-size:15px}.elementor-widget-heading .elementor-heading-title.elementor-size-medium{font-size:19px}.elementor-widget-heading .elementor-heading-title.elementor-size-large{font-size:29px}.elementor-widget-heading .elementor-heading-title.elementor-size-xl{font-size:39px}.elementor-widget-heading .elementor-heading-title.elementor-size-xxl{font-size:59px}<\/style><h2 class=\"elementor-heading-title elementor-size-default\">Sobre a Apoio<\/h2>\t\t<\/div>\n\t\t\t\t<\/div>\n\t\t\t\t<\/div>\n\t\t<div class=\"elementor-element elementor-element-e8c90ce e-flex e-con-boxed e-con e-parent\" data-id=\"e8c90ce\" data-element_type=\"container\" data-settings=\"{&quot;content_width&quot;:&quot;boxed&quot;,&quot;_ha_eqh_enable&quot;:false}\" data-core-v316-plus=\"true\">\n\t\t\t\t\t<div class=\"e-con-inner\">\n\t\t\t\t<div class=\"elementor-element elementor-element-a307606 elementor-widget elementor-widget-text-editor\" data-id=\"a307606\" data-element_type=\"widget\" data-widget_type=\"text-editor.default\">\n\t\t\t\t<div class=\"elementor-widget-container\">\n\t\t\t<style>\/*! elementor - v3.17.0 - 25-10-2023 *\/\n.elementor-widget-text-editor.elementor-drop-cap-view-stacked .elementor-drop-cap{background-color:#69727d;color:#fff}.elementor-widget-text-editor.elementor-drop-cap-view-framed .elementor-drop-cap{color:#69727d;border:3px solid;background-color:transparent}.elementor-widget-text-editor:not(.elementor-drop-cap-view-default) .elementor-drop-cap{margin-top:8px}.elementor-widget-text-editor:not(.elementor-drop-cap-view-default) .elementor-drop-cap-letter{width:1em;height:1em}.elementor-widget-text-editor .elementor-drop-cap{float:left;text-align:center;line-height:1;font-size:50px}.elementor-widget-text-editor .elementor-drop-cap-letter{display:inline-block}<\/style>\t\t\t\t<p>Constitu\u00edda em 2002, com o objetivo de suprir as necessidades de manuten\u00e7\u00e3o para o setor de plataformas, a Apoio Service conta com profissionais altamente qualificados e treinados para executar servi\u00e7os de manuten\u00e7\u00e3o mec\u00e2nica, hidr\u00e1ulica, el\u00e9trica, eletr\u00f4nica e pintura, garantindo qualidade em atendimento e seguran\u00e7a nos servi\u00e7os prestados.<br \/>Somos autorizados das maiores fabricantes de plataformas a\u00e9reas do mercado.<br \/>Al\u00e9m de servi\u00e7os de manuten\u00e7\u00e3o, a Apoio ministra treinamento operacional e de seguran\u00e7a, contribuindo para disseminar boas pr\u00e1ticas na utiliza\u00e7\u00e3o de plataformas, de acordo com as exig\u00eancias das normas do Minist\u00e9rio do Trabalho, NR-18.<\/p>\t\t\t\t\t\t<\/div>\n\t\t\t\t<\/div>\n\t\t\t\t<div class=\"elementor-element elementor-element-2ddaa50 elementor-widget elementor-widget-heading\" data-id=\"2ddaa50\" data-element_type=\"widget\" data-widget_type=\"heading.default\">\n\t\t\t\t<div class=\"elementor-widget-container\">\n\t\t\t<h2 class=\"elementor-heading-title elementor-size-default\">Miss\u00e3o<\/h2>\t\t<\/div>\n\t\t\t\t<\/div>\n\t\t\t\t<div class=\"elementor-element elementor-element-b92d037 elementor-widget elementor-widget-text-editor\" data-id=\"b92d037\" data-element_type=\"widget\" data-widget_type=\"text-editor.default\">\n\t\t\t\t<div class=\"elementor-widget-container\">\n\t\t\t\t\t\t\t<p>Ser reconhecido como excel\u00eancia na presta\u00e7\u00e3o de servi\u00e7os de manuten\u00e7\u00e3o, treinamentos e venda de pe\u00e7as, para o setor de Plataformas de trabalho a\u00e9reo, com o objetivo de ofertar aos nossos clientes, produtos e servi\u00e7os com a mais alta qualidade do mercado, atrav\u00e9s de inova\u00e7\u00f5es tecnol\u00f3gicas, comprometimentoe uni\u00e3o de todos os nossos colaboradores.<\/p>\t\t\t\t\t\t<\/div>\n\t\t\t\t<\/div>\n\t\t\t\t<div class=\"elementor-element elementor-element-035d781 elementor-widget elementor-widget-heading\" data-id=\"035d781\" data-element_type=\"widget\" data-widget_type=\"heading.default\">\n\t\t\t\t<div class=\"elementor-widget-container\">\n\t\t\t<h2 class=\"elementor-heading-title elementor-size-default\">Infraestrutura <\/h2>\t\t<\/div>\n\t\t\t\t<\/div>\n\t\t\t\t<div class=\"elementor-element elementor-element-7f972b8 elementor-widget elementor-widget-text-editor\" data-id=\"7f972b8\" data-element_type=\"widget\" data-widget_type=\"text-editor.default\">\n\t\t\t\t<div class=\"elementor-widget-container\">\n\t\t\t\t\t\t\t<p>Nossa equipe \u00e9 formada por profissionais qualifica dos para o desenvolvimento de qualquer atividade t\u00e9cnica em plataformas a\u00e9reas, dos mais variados modelos e fabricantes.<br \/>Contamos tamb\u00e9m com profissionais na \u00e1rea de Administra\u00e7\u00e3o, Engenharia, Finan\u00e7as e Treinamento visando oferecer qualidade em atendimento e em servi\u00e7os, sempre em busca da satisfa\u00e7\u00e3o de nossos clientes.<br \/>Para atender a demanda dos nossos clientes, contamos com uma ampla estrutura de oficina, com capacidade para receber equipamentos de todos os portes. Al\u00e9m de uma localiza\u00e7\u00e3o privilegiada, na cidade de S\u00e3o Paulo, ao lado do Grande ABC, com f\u00e1cil acesso as principais rodovias. comprometimento e uni\u00e3o de todos os nossos colaboradores.<\/p>\t\t\t\t\t\t<\/div>\n\t\t\t\t<\/div>\n\t\t\t\t<div class=\"elementor-element elementor-element-591ec34 elementor-align-center elementor-widget elementor-widget-button\" data-id=\"591ec34\" data-element_type=\"widget\" data-widget_type=\"button.default\">\n\t\t\t\t<div class=\"elementor-widget-container\">\n\t\t\t\t\t<div class=\"elementor-button-wrapper\">\n\t\t\t<a class=\"elementor-button elementor-button-link elementor-size-xl elementor-animation-grow\" href=\"#\">\n\t\t\t\t\t\t<span class=\"elementor-button-content-wrapper\">\n\t\t\t\t\t\t<span class=\"elementor-button-text\">Entre em Contato!<\/span>\n\t\t<\/span>\n\t\t\t\t\t<\/a>\n\t\t<\/div>\n\t\t\t\t<\/div>\n\t\t\t\t<\/div>\n\t\t\t\t\t<\/div>\n\t\t\t\t<\/div>\n\t\t<div class=\"elementor-element elementor-element-76a218c e-flex e-con-boxed e-con e-parent\" data-id=\"76a218c\" data-element_type=\"container\" data-settings=\"{&quot;content_width&quot;:&quot;boxed&quot;,&quot;_ha_eqh_enable&quot;:false}\" data-core-v316-plus=\"true\">\n\t\t\t\t\t<div class=\"e-con-inner\">\n\t\t<div class=\"elementor-element elementor-element-9911ec8 e-con-full e-flex e-con e-child\" data-id=\"9911ec8\" data-element_type=\"container\" data-settings=\"{&quot;content_width&quot;:&quot;full&quot;,&quot;_ha_eqh_enable&quot;:false}\">\n\t\t\t\t<div class=\"elementor-element elementor-element-0887f4e elementor-widget elementor-widget-counter\" data-id=\"0887f4e\" data-element_type=\"widget\" data-widget_type=\"counter.default\">\n\t\t\t\t<div class=\"elementor-widget-container\">\n\t\t\t<style>\/*! elementor - v3.17.0 - 25-10-2023 *\/\n.elementor-counter .elementor-counter-number-wrapper{display:flex;font-size:69px;font-weight:600;line-height:1}.elementor-counter .elementor-counter-number-prefix,.elementor-counter .elementor-counter-number-suffix{flex-grow:1;white-space:pre-wrap}.elementor-counter .elementor-counter-number-prefix{text-align:right}.elementor-counter .elementor-counter-number-suffix{text-align:left}.elementor-counter .elementor-counter-title{text-align:center;font-size:19px;font-weight:400;line-height:2.5}<\/style>\t\t<div class=\"elementor-counter\">\n\t\t\t<div class=\"elementor-counter-number-wrapper\">\n\t\t\t\t<span class=\"elementor-counter-number-prefix\"><\/span>\n\t\t\t\t<span class=\"elementor-counter-number\" data-duration=\"2000\" data-to-value=\"2000\" data-from-value=\"0\" data-delimiter=\",\">0<\/span>\n\t\t\t\t<span class=\"elementor-counter-number-suffix\"><\/span>\n\t\t\t<\/div>\n\t\t\t\t\t\t\t<div class=\"elementor-counter-title\">Pessoas Treinadas<\/div>\n\t\t\t\t\t<\/div>\n\t\t\t\t<\/div>\n\t\t\t\t<\/div>\n\t\t\t\t<\/div>\n\t\t<div class=\"elementor-element elementor-element-5bd07d6 e-con-full e-flex e-con e-child\" data-id=\"5bd07d6\" data-element_type=\"container\" data-settings=\"{&quot;content_width&quot;:&quot;full&quot;,&quot;_ha_eqh_enable&quot;:false}\">\n\t\t\t\t<div class=\"elementor-element elementor-element-06d83c0 elementor-widget elementor-widget-counter\" data-id=\"06d83c0\" data-element_type=\"widget\" data-widget_type=\"counter.default\">\n\t\t\t\t<div class=\"elementor-widget-container\">\n\t\t\t\t\t<div class=\"elementor-counter\">\n\t\t\t<div class=\"elementor-counter-number-wrapper\">\n\t\t\t\t<span class=\"elementor-counter-number-prefix\"><\/span>\n\t\t\t\t<span class=\"elementor-counter-number\" data-duration=\"2000\" data-to-value=\"1000\" data-from-value=\"0\" data-delimiter=\",\">0<\/span>\n\t\t\t\t<span class=\"elementor-counter-number-suffix\"><\/span>\n\t\t\t<\/div>\n\t\t\t\t\t\t\t<div class=\"elementor-counter-title\">Plataformas Reformadas<\/div>\n\t\t\t\t\t<\/div>\n\t\t\t\t<\/div>\n\t\t\t\t<\/div>\n\t\t\t\t<\/div>\n\t\t\t\t\t<\/div>\n\t\t\t\t<\/div>\n\t\t\t\t\t\t\t<\/div>\n\t\t","protected":false},"excerpt":{"rendered":"<p>Sobre a Apoio Constitu\u00edda em 2002, com o objetivo de suprir as necessidades de manuten\u00e7\u00e3o para o setor de plataformas, a Apoio Service conta com profissionais altamente qualificados e treinados para executar servi\u00e7os de manuten\u00e7\u00e3o mec\u00e2nica, hidr\u00e1ulica, el\u00e9trica, eletr\u00f4nica e pintura, garantindo qualidade em atendimento e seguran\u00e7a nos servi\u00e7os prestados.Somos autorizados das maiores fabricantes de [&hellip;]<\/p>\n","protected":false},"author":1,"featured_media":0,"parent":0,"menu_order":0,"comment_status":"closed","ping_status":"closed","template":"","meta":{"_joinchat":[],"footnotes":""},"class_list":["post-92","page","type-page","status-publish","hentry"],"_links":{"self":[{"href":"https:\/\/apoioservicostecnicos.com.br\/index.php\/wp-json\/wp\/v2\/pages\/92"}],"collection":[{"href":"https:\/\/apoioservicostecnicos.com.br\/index.php\/wp-json\/wp\/v2\/pages"}],"about":[{"href":"https:\/\/apoioservicostecnicos.com.br\/index.php\/wp-json\/wp\/v2\/types\/page"}],"author":[{"embeddable":true,"href":"https:\/\/apoioservicostecnicos.com.br\/index.php\/wp-json\/wp\/v2\/users\/1"}],"replies":[{"embeddable":true,"href":"https:\/\/apoioservicostecnicos.com.br\/index.php\/wp-json\/wp\/v2\/comments?post=92"}],"version-history":[{"count":13,"href":"https:\/\/apoioservicostecnicos.com.br\/index.php\/wp-json\/wp\/v2\/pages\/92\/revisions"}],"predecessor-version":[{"id":362,"href":"https:\/\/apoioservicostecnicos.com.br\/index.php\/wp-json\/wp\/v2\/pages\/92\/revisions\/362"}],"wp:attachment":[{"href":"https:\/\/apoioservicostecnicos.com.br\/index.php\/wp-json\/wp\/v2\/media?parent=92"}],"curies":[{"name":"wp","href":"https:\/\/api.w.org\/{rel}","templated":true}]}}